- -1?
-1
121 + -111 + -1 + -14 + -5
-10
What is 6 + (-6 + (-1 - 3) - (-4 + 2))?
-2
What is 21 - (4 + (-1 - (7 - 0 - 4)))?
21
Calculate (-8 - -7) + -1 + 10 + -1 - 12.
-5
What is the value of 62 - 66 - (-2 + (4 - 3))?
-3
7 + (-7 + 4 - (8 + -11)) + -16
-9
What is 12 - (-11 - -52 - 18)?
-11
Calculate -10 + (3 - 0 - -8) - (-1 - 3).
5
29 + -18 + (3 - -5)
19
Calculate (-4 - 4 - 1) + -1 + 3.
-7
Evaluate (8 + -3 - 4 - (-12 + 6)) + -10.
-3
Evaluate (-39 + 54 - 32) + 30.
13
-12 + -4 + 11 + -7 - 1
-13
-16 + 15 + 41 + -12 + 3
31
Calculate -1 + 3 + -2 + 78 + -77 + -1.
0
Evaluate (2 - (-26 + 24)) + 12.
16
What is the value of 3 + (3 - 2) - (16 + -7 - 15)?
10
What is the value of 0 + -1 + -9 - (-570 + 575)?
-15
What is the value of -8 - (0 + -3) - (17 + -21)?
-1
Calculate (19 - 18) + (3 - -4 - -11).
19
Calculate 33 - (86 - (19 - 0)).
-34
What is (-3 - 0) + 1 + (-7 - -7)?
-2
Calculate 2 - -1 - (159 + -151).
-5
Evaluate 16 + -13 + 18 + -12 - 27.
-18
What is (-11 - (-5 + 5)) + (1 - 2)?
-12
-17 + (25 - -7) + -19
-4
What is (-38 - 1) + (0 + 6 - (-81 - -79))?
-31
What is the value of 5 - ((-3 - -20) + 8 - -1)?
-21
Evaluate 9 - 7 - 0 - (1 + -12 - 0).
13
Evaluate (-7 - (5 - -6)) + 8 - (0 - -1).
-11
1 + 3 + 10 + 0 + -9 + 10
15
What is 37 + (-24 - 15) - (22 - 1 - 0)?
-23
What is the value of 3 + 5 - -6 - 21?
-7
Evaluate (-53 - -70) + (-22 - -8).
3
What is (0 - 0 - (6 + -7)) + 6?
7
Calculate -12 + (-2 - 13) + 25.
-2
Evaluate (-8 - -2) + 10 + (1 + -1 - -1).
5
Calculate (-1 - -2 - (-8 - (4 + -8))) + 8.
13
Evaluate -6 + (-13 - -16) + -2 + 33.
28
What is the value of (-19 - ((2 - -1) + 13 + -13)) + -4?
-26
What is the value of -3 + 25 - 0 - 6 - (-16 + 21)?
11
What is the value of -5 - (13 - (1 - -3)) - (18 - 10)?
-22
What is (-31 - -19) + 27 - 25?
-10
Evaluate -13 - (6 + (0 - 6) + -2).
-11
Calculate 1 + (2 - -3) - (-33 + 32 - -3).
4
Evaluate 2 - 6 - 2 - -1 - (-12 - -10).
-3
24 + (1 - 11) + 22 + -47 + 47
36
Calculate 2 + -1 + (2 - -7) + (-173 - -182).
19
What is the value of -28 - (-2 - (47 - 23))?
-2
What is 8 + (4 - 4) + -3?
5
Evaluate 80 + -59 - (-1 - -11) - 6.
5
Evaluate -13 - -1 - (-18 + -4 - -30) - 7.
-27
What is -19 + 4 - (62 - 79)?
2
What is the value of -2 - (-17 - (2 + -5))?
12
What is the value of -7 - (-15 + 2 + 13 + -2 + 1)?
-6
6 + 10 + -20 - 5 - -25
16
What is the value of (1029 - 1016) + (0 - -14)?
27
Evaluate 1 + 18 - (-29 + 22).
26
Calculate 83 + -82 + -4 + -3.
-6
Evaluate -15 + (-19 - -6) - -10.
-18
-7 + -2 + 6 + (-4 - (5 - 10))
-2
8 + (6 + 8 - 13)
9
Calculate 12 + (-5 + 8 - (52 - 47)).
10
What is 131 + -134 + (11 - (1 - 3) - -2)?
12
What is the value of 1 + -1 + 19 - (-57 - 16 - -69)?
23
What is -7 + -1 - (-30 - (-6 + -8))?
8
5 - -2 - (-5 - (-7 + 2))
7
What is -29 + -2 + 14 - (10 + -25)?
-2
What is the value of -10 + 20 + -16 + 5 + 3?
2
15 - (10 + 0 + 1) - 20
-16
Evaluate (-7 - (16 + -16)) + 31.
24
(-16 - -9) + -5 + 2
-10
Evaluate (23 - (4 - (-4 + -6))) + -26.
-17
Evaluate (-14 - (10 + 0)) + 15.
-9
-21 - -1 - (-444 + 415)
9
Calculate -25 - (-19 + 38 - 17).
-27
What is the value of (-1 - (-10 - 0)) + -14 + 37 + -60?
-28
-10 - (7 + -1 + 1 + -6 + 4)
-15
3 - ((12 - -2) + -11 + -1 + 3)
-2
Calculate 73 + -58 - (14 - 1).
2
Evaluate 1 + 6 + (-8 - (-20 - -7)) + -26.
-14
Calculate (1 - 3) + 2 + (-6 + -4 - -16).
6
What is the value of 13 - ((-33 - -20) + 31)?
-5
(-1 - 2) + (1 - -13) - 3
8
What is (32 - (9 - -11) - -7) + -11?
8
Evaluate -17 + (5 - 2) + 4 + -12.
-22
What is the value of -15 + (-3 - 8) - (-10 + 0 + 2)?
-18
What is 8 + 16 + 21 + -58?
-13
Evaluate 3 + -12 - -11 - (-9 - 0).
11
-12 - (11 + -6 + -5)
-12
Evaluate (-9 + -8 - -12 - 16) + 7.
-14
What is -7 + (40 - 46) + 40?
27
What is the value of -14 - (-3 - (8 - (-11 - -7 - -7)))?
-6
Evaluate -24 + -7 - -62 - 51.
-20
-8 - -4 - -7 - (2 + 4 - 5)
2
Evaluate 8 + (-7 + 22 - 21) + -6.
-4
Calculate -5 + -28 - -12 - (1 + -7) - -8.
-7
Evaluate (6 + -5 - -7) + -9 + (-12 - 6).
-19
What is the value of -6 - (0 + (1 - 8)) - (2 + -6)?
5
Evaluate -7 + 9 - (3 + -6 + -3).
8
Calculate 4 + (2 - 3) + -1 - -4.
6
What is -7 - -12 - (27 + -5)?
-17
What is 30 + -27 + (-6 - (6 + (-15 - -5)))?
1
Calculate -9 - (-5 + 6) - (-8 + 2).
-4
What is -1 + 8 + -5 + (-2 - -5) + -3?
2
What is the value of -21 - (-2 + -28 + 13)?
-4
What is -38 - 11 - (-12 + -17)?
-20
What is (12 - (18 + -3)) + (0 - -7)?
4
-6 + 16 - (26 - -3)
-19
Evaluate -7 + -25 + -6 + 47.
9
Calculate (2 - 3) + 38 - (-20 - (-51 - -29)).
35
What is 104 - 109 - (-1 + 2 + -3)?
-3
What is (-7 + -1 - -20) + -4 + (2 - 2)?
8
Evaluate (-2 - (3 + -11)) + (-28 - -18).
-4
Evaluate -11 + -2 + -15 + (-1 - -23).
-6
What is the value of -56 + 61 - (-2 - -15)?
-8
Calculate (83 - 80) + (18 - 2) + -8 + 0.
11
Evaluate -11 + (5 - 5 - -8) - -10.
7
-5 - (-22 - -9) - (10 + -7) - 36
-31
What is the value of -1 + (-3 - 4) + 53 + -31?
14
What is the value of (2 - 0) + -16 - ((24 - 75) + 54)?
-17
Evaluate 14 - (5 + 0 + 3 + (48 - 50)).
8
Evaluate 28 + (-1 - 20) - (3 + 23).
-19
What is (31 + -20 - (10 + -7)) + 11?
19
Evaluate (-18 - 9) + 6 + 12.
-9
Calculate 4 - (27 + (23 - 48)).
2
Evaluate 5 + -4 - (26 - 22).
-3
Calculate (2 + -6 - (3 - 0)) + (-61 - -72).
4
Calculate -3 + 11 + -18 - -19 - -10.
19
6 - (-29 + 14) - 27
-6
Evaluate -14 - (8 + -10 - 0).
-12
Calculate -31 + 33 - (-2 + -1) - (-1 - -16).
-10
What is 2 + 14 + (-39 - (-104 + 49))?
32
What is (-28 + 7 - -6) + 89 + -73?
1
Evaluate (5 - 5) + -22 + (-14 - -7) + 18.
-11
Evaluate -6 - -31 - (8 + 4 - 3).
16
Evaluate (-1 + 7 - (-5 + -4)) + 2 + -4.
13
What is the value of -3 + 6 + -4 + 6 + 6 + -10?
1
(-17 - (-6 - 8)) + -7
-10
What is -10 - -3 - (43 + -46)?
-4
What is -26 + 35 - (7 - (0 - -24))?
26
(2 - 9) + 1 + -19 + 11 - -6
-8
What is the value of (-4 + 11 - 10) + 9 - (8 - 15)?
13
What is (-6 - -28) + (-8 - -7)?
21
What is (-10 - 0 - (110 + -104)) + 0 + 0?
-16
Evaluate -24 + 6 + -28 + 42.
-4
What is (50 - (14 + -1)) + -14?
23
-6 + -38 + (-36 - -45)
-35
Evaluate 25 + -10 + 37 + -27.
25
1 + -8 - (319 + -326)
0
Evaluate -22 - 11 - (-15 - 15).
-3
What is 4 + -4 - 13 - (226 - 211)?
-28
What is the value of (4 - 2) + 3 + -5 + 15?
15
25 - ((4 - -41) + -9)
-11
Calculate -6 + 14 + 0 + -9.
-1
4 + (1 + -6 - (6 + -8) - -9)
10
Evaluate 47 + (22 - 94) + 41.
16
What is -23 + 13 - (-1 + -7)?
-2
What is (16 - 12) + -11 + 15?
8
(5 - (-14 + 14)) + -3
2
What is 3 - 2 - (9 - 33 - -4 - -17)?
4
What is -33 - -44 - (-25 + (-10 - -16))?
30
-7 - (9 + -34 + -1 + 6 + 7)
6
Evaluate -14 + (4 - 0) - (18 + (-15 - 0)).
-13
What is 2 - (-5 + 1 - -7) - -8?
7
Evaluate 6 - (7 + -4) - (12 + (12 - 4)).
-17
Evaluate 5 + (-2 - -11 - 0).
14
-4 + -15 + 12 + (-8 - -3)
-12
Evaluate -12 - (6 + -3 + 11 - 5).
-21
-28 + 17 + 6 + 5 - (0 - -24)
-24
1 + 7 + (-16 - -5)
-3
What is the value of -1 - -4 - (23 - (10 - -15))?
5
What is -50 + 57 - (-4 + 4 + 0 + 14)?
-7
Evaluate 5 + 11 - (21 + -22).
17
What is the value of (-33 - (-4 - 33)) + -15?
-11
What is the value of 6 + -9 + 12 - 15 - (-1 + -17)?
12
What is the value of -22 + 0 + (-13 - -26)?
-9
What is the value of -6 + (-21 - -30 - -2)?
5
Calculate (2 - 29 - -31) + (-13 - -1) - -10.
2
What is 5 + -11 + 3 + (-12 - -16 - 5)?
-4
What is the value of -9 - (6 - (5 - ((-4 - -8) + 1)))?
-15
What is the value of 28 - 7 - (-2 + 5 - -4)?
14
(-13 - -29) + -10 - (0 + (1 - -2))
3
0 + 16 + 8 + -16 + -2
6
(-1 - (4 - 1)) + -107 + 115 + 7
11
Evaluate (-2 + 3 - (-3 + 6)) + 3 + 0.
1
What is the value of 99 + (16 - 63) - 33?
19
Evaluate 6 + (-14 - -16) + (1 - (2 + -1)).
8
(-1 - (15 - 27) - 6) + -36
-31
Evaluate (18 + -10 - 0) + 1 - 22.
-13
0 + (6 - 1) + (-17 - -11)
-1
What is 14 + (3 - 12) - -11 - 22?
-6
What is the value of 24 + -18 + -24 + 0?
-18
11 + (14 - (1 - -10)) + -1
13
What is the value of -8 - (-11 - (27 + 1 + -6))?
25
What is -22 - -28 - 3 - -2?
5
Calculate (-35 - (-60 - -26)) + (-1 + 4 - -1).
3
What is (6 - -26 - 23) + (4 + -40 - 0)?
-27
What is the value of -8 + (61 + -62 - (-1 + 5)) - 6?
-19
Calculate 10 - (-20 - (-17 + -5)).
8
Evaluate -20 + (23 - 8) + 29 + -9.
15
What is the value of 2 - (-5 + 3 + (0 - -1) + -2)?
5
What is 12 + -9 + -17 + 2 + 4 - -13?
5
What is the value of (-1 - -60) + 1018 + -1051?
26
What is the value of (-5 - -4) + 19 - ((16 - 32) + 12)?
22
What is the value of -3 - ((-6 - -9) + -3) - (3 + -8)?
2
What is (0 - -2) + 3 - 1 - (10 + -16)?
10
